s digit of 13811?
1
What is the units digit of 188?
8
What is the units digit of 2768?
8
What is the units digit of 31139?
9
What is the units digit of 1787?
7
What is the hundreds digit of 1770?
7
What is the hundreds digit of 1971?
9
What is the units digit of 6400?
0
What is the units digit of 34221?
1
What is the thousands digit of 34404?
4
What is the tens digit of 94?
9
What is the hundreds digit of 2777?
7
What is the hundreds digit of 424?
4
What is the units digit of 11467?
7
What is the thousands digit of 12439?
2
What is the tens digit of 167681?
8
What is the thousands digit of 68097?
8
What is the tens digit of 502?
0
What is the tens digit of 830?
3
What is the tens digit of 861?
6
What is the tens digit of 1852?
5
What is the thousands digit of 35252?
5
What is the units digit of 2840?
0
What is the units digit of 348?
8
What is the units digit of 14694?
4
What is the tens digit of 10231?
3
What is the thousands digit of 89765?
9
What is the thousands digit of 49344?
9
What is the tens digit of 1214?
1
What is the hundreds digit of 4849?
8
What is the units digit of 368?
8
What is the thousands digit of 10220?
0
What is the thousands digit of 66299?
6
What is the hundreds digit of 10973?
9
What is the ten thousands digit of 28191?
2
What is the ten thousands digit of 115880?
1
What is the ten thousands digit of 62507?
6
What is the thousands digit of 31391?
1
What is the units digit of 42320?
0
What is the thousands digit of 1392?
1
What is the ten thousands digit of 14967?
1
What is the tens digit of 9437?
3
What is the units digit of 530?
0
What is the units digit of 754?
4
What is the tens digit of 97?
9
What is the hundreds digit of 11651?
6
What is the units digit of 32?
2
What is the units digit of 274?
4
What is the units digit of 23558?
8
What is the units digit of 223?
3
What is the thousands digit of 16058?
6
What is the thousands digit of 59688?
9
What is the ten thousands digit of 48337?
4
What is the tens digit of 530?
3
What is the tens digit of 1496?
9
What is the units digit of 19489?
9
What is the hundreds digit of 10944?
9
What is the units digit of 1154?
4
What is the tens digit of 1008?
0
What is the ten thousands digit of 22620?
2
What is the units digit of 773?
3
What is the hundreds digit of 4173?
1
What is the tens digit of 27511?
1
What is the hundreds digit of 1013?
0
What is the hundreds digit of 24860?
8
What is the ten thousands digit of 31613?
3
What is the hundreds digit of 31244?
2
What is the hundreds digit of 1382?
3
What is the tens digit of 13190?
9
What is the units digit of 885?
5
What is the thousands digit of 75906?
5
What is the ten thousands digit of 10978?
1
What is the hundreds digit of 9683?
6
What is the units digit of 1339?
9
What is the thousands digit of 71383?
1
What is the units digit of 82385?
5
What is the hundreds digit of 555?
5
What is the units digit of 2039?
9
What is the tens digit of 4313?
1
What is the hundreds digit of 4512?
5
What is the tens digit of 2996?
9
What is the ten thousands digit of 60484?
6
What is the tens digit of 3106?
0
What is the tens digit of 973?
7
What is the hundreds digit of 969?
9
What is the hundreds digit of 872?
8
What is the tens digit of 14889?
8
What is the units digit of 1731?
1
What is the hundreds digit of 4953?
9
What is the ten thousands digit of 75575?
7
What is the tens digit of 334?
3
What is the tens digit of 30932?
3
What is the units digit of 140940?
0
What is the ten thousands digit of 45534?
4
What is the units digit of 3380?
0
What is the thousands digit of 47824?
7
What is the tens digit of 13891?
9
What is the units digit of 412?
2
What is the units digit of 119415?
5
What is the tens digit of 6300?
0
What is the tens digit of 1476?
7
What is the thousands digit of 3837?
3
What is the units digit of 102766?
6
What is the units digit of 41528?
8
What is the thousands digit of 4323?
4
What is the hundreds digit of 36548?
5
What is the thousands digit of 1178?
1
What is the units digit of 28487?
7
What is the units digit of 287?
7
What is the thousands digit of 96833?
6
What is the tens digit of 4136?
3
What is the tens digit of 22476?
7
What is the hundreds digit of 10543?
5
What is the hundreds digit of 86354?
3
What is the hundreds digit of 5561?
5
What is the hundreds digit of 14056?
0
What is the units digit of 1296?
6
What is the tens digit of 1186?
8
What is the thousands digit of 1592?
1
What is the hundreds digit of 5617?
6
What is the units digit of 78?
8
What is the hundred thousands digit of 106442?
1
What is the thousands digit of 2330?
2
What is the tens digit of 2406?
0
What is the thousands digit of 1859?
1
What is the tens digit of 7935?
3
What is the ten thousands digit of 18667?
1
What is the units digit of 26354?
4
What is the thousands digit of 41209?
1
What is the units digit of 4004?
4
What is the tens digit of 2049?
4
What is the thousands digit of 1551?
1
What is the ten thousands digit of 40790?
4
What is the ten thousands digit of 22872?
2
What is the ten thousands digit of 52606?
5
What is the units digit of 44965?
5
What is the thousands digit of 2123?
2
What is the hundreds digit of 5900?
9
What is the hundreds digit of 4506?
5
What is the units digit of 6577?
7
What is the units digit of 9666?
6
What is the hundreds digit of 37928?
9
What is the units digit of 2103?
3
What is the tens digit of 3868?
6
What is the units digit of 11063?
3
What is the thousands digit of 89469?
9
What is the hundreds digit of 1042?
0
What is the thousands digit of 14623?
4
What is the units digit of 747?
7
What is the ten thousands digit of 97058?
9
What is the hundreds digit of 4001?
0
What is the hundreds digit of 4110?
1
What is the hundreds digit of 24811?
8
What is the units digit of 11149?
9
What is the tens digit of 698?
9
What is the tens digit of 2512?
1
What is the hundreds digit of 33366?
3
What is the ten thousands digit of 18277?
1
What is the tens digit of 13299?
9
What is the units digit of 707?
7
What is the hundreds digit of 1688?
6
What is the tens digit of 6943?
4
What is the units digit of 903?
3
What is the thousands digit of 7399?
7
What is the thousands digit of 1700?
1
What is the units digit of 47342?
2
What is the tens digit of 47723?
2
What is the thousands digit of 1674?
1
What is the hundred thousands digit of 112630?
1
What is the tens digit of 33791?
9
What is the tens digit of 7210?
1
What is the hundreds digit of 3879?
8
What is the units digit of 49382?
2
What is the ten thousands digit of 37759?
3
What is the units digit of 27868?
8
What is the units digit of 14794?
4
What is the hundreds digit of 2970?
9
What is the hundreds digit of 1193?
1
What is the units digit of 9160?
0
What is the hundreds digit of 24194?
1
What is the thousands digit of 5505?
5
What is the tens digit of 58421?
2
What is the units digit of 4241?
1
What is the hundreds digit of 984?
9
What is the hundreds digit of 5308?
3
What is the units digit of 7349?
9
What is the tens digit of 29?
2
What is the ten thousands digit of 129263?
2
What is the tens digit of 4063?
6
What is the tens digit of 4837?
3
What is the tens digit of 32454?
5
What is the thousands digit of 1690?
1
What is the hundreds digit of 1176?
1
What is the units digit of 112425?
5
What is the tens digit of 3134?
3
What is the thousands digit of 4993?
4
What is the units digit of 71707?
7
What is the thousands digit of 3286?
3
What is the hundreds digit of 22000?
0
What is the thousands digit of 1532?
1
What is the units digit of 4024?
4
What is the hundreds digit of 2744?
7
What is the thousands digit of 28917?
8
What is the thousands digit of 12512?
2
What is the units digit of 474?
4
What is the units digit of 7544?
4
What is the hundreds digit of 1678?
6
What is the ten thousands digit of 85840?
8
What is the tens digit of 122425?
2
What is the units digit of 2567?
7
What is the thousands digit of 76088?
6
What is the hundreds digit of 6695?
6
What is the units digit of 1205?
5
What is the tens digit of 488?
8
What is the hundreds digit of 5954?
9
What is the hundreds digit of 3513?
5
What is the units digit of 85052?
2
What is the tens digit of 37971?
7
What is the thousands digit of 3856?
3
What is the hundreds digit of 9609?
6
What 